te the remainder when 186 is divided by 9.
6
Calculate the remainder when 202 is divided by 65.
7
What is the remainder when 293 is divided by 94?
11
What is the remainder when 159 is divided by 10?
9
Calculate the remainder when 11 is divided by 6.
5
What is the remainder when 433 is divided by 78?
43
What is the remainder when 49 is divided by 2?
1
What is the remainder when 1236 is divided by 69?
63
What is the remainder when 3158 is divided by 10?
8
Calculate the remainder when 139 is divided by 137.
2
What is the remainder when 162 is divided by 29?
17
What is the remainder when 1266 is divided by 45?
6
Calculate the remainder when 1789 is divided by 365.
329
What is the remainder when 237 is divided by 61?
54
Calculate the remainder when 79 is divided by 21.
16
What is the remainder when 2 is divided by 1?
0
What is the remainder when 88 is divided by 81?
7
What is the remainder when 44 is divided by 21?
2
What is the remainder when 926 is divided by 93?
89
What is the remainder when 680 is divided by 57?
53
Calculate the remainder when 235 is divided by 79.
77
What is the remainder when 58 is divided by 15?
13
Calculate the remainder when 35 is divided by 31.
4
Calculate the remainder when 1079 is divided by 61.
42
Calculate the remainder when 286 is divided by 58.
54
What is the remainder when 160 is divided by 46?
22
Calculate the remainder when 95 is divided by 8.
7
What is the remainder when 331 is divided by 37?
35
What is the remainder when 86 is divided by 8?
6
What is the remainder when 1577 is divided by 230?
197
Calculate the remainder when 122 is divided by 18.
14
Calculate the remainder when 259 is divided by 255.
4
Calculate the remainder when 414 is divided by 201.
12
What is the remainder when 127 is divided by 33?
28
Calculate the remainder when 267 is divided by 84.
15
Calculate the remainder when 224 is divided by 26.
16
What is the remainder when 187 is divided by 57?
16
What is the remainder when 464 is divided by 152?
8
What is the remainder when 309 is divided by 142?
25
Calculate the remainder when 512 is divided by 23.
6
Calculate the remainder when 33 is divided by 4.
1
What is the remainder when 172 is divided by 137?
35
What is the remainder when 959 is divided by 74?
71
What is the remainder when 188 is divided by 123?
65
What is the remainder when 1076 is divided by 135?
131
Calculate the remainder when 659 is divided by 132.
131
Calculate the remainder when 302 is divided by 165.
137
Calculate the remainder when 272 is divided by 13.
12
What is the remainder when 278 is divided by 35?
33
Calculate the remainder when 744 is divided by 108.
96
Calculate the remainder when 405 is divided by 58.
57
What is the remainder when 3674 is divided by 25?
24
Calculate the remainder when 17932 is divided by 59.
55
Calculate the remainder when 170 is divided by 35.
30
What is the remainder when 319 is divided by 14?
11
Calculate the remainder when 5434 is divided by 20.
14
Calculate the remainder when 22491 is divided by 326.
323
What is the remainder when 210 is divided by 132?
78
Calculate the remainder when 328 is divided by 48.
40
What is the remainder when 70 is divided by 36?
34
Calculate the remainder when 584 is divided by 84.
80
Calculate the remainder when 2349 is divided by 56.
53
Calculate the remainder when 659 is divided by 153.
47
What is the remainder when 1614 is divided by 16?
14
What is the remainder when 1634 is divided by 6?
2
What is the remainder when 259 is divided by 55?
39
What is the remainder when 1048 is divided by 42?
40
Calculate the remainder when 297 is divided by 79.
60
What is the remainder when 5645 is divided by 1409?
9
Calculate the remainder when 44 is divided by 6.
2
Calculate the remainder when 2429 is divided by 15.
14
Calculate the remainder when 24 is divided by 16.
8
What is the remainder when 436 is divided by 10?
6
What is the remainder when 78 is divided by 13?
0
Calculate the remainder when 100 is divided by 21.
16
What is the remainder when 796 is divided by 112?
12
Calculate the remainder when 214 is divided by 17.
10
Calculate the remainder when 689 is divided by 46.
45
Calculate the remainder when 4772 is divided by 24.
20
What is the remainder when 74 is divided by 11?
8
What is the remainder when 120 is divided by 62?
58
What is the remainder when 195 is divided by 30?
15
What is the remainder when 1914 is divided by 91?
3
What is the remainder when 64 is divided by 6?
4
Calculate the remainder when 521 is divided by 385.
136
What is the remainder when 111 is divided by 19?
16
Calculate the remainder when 614 is divided by 155.
149
Calculate the remainder when 3699 is divided by 108.
27
What is the remainder when 258 is divided by 58?
26
What is the remainder when 1250 is divided by 83?
5
Calculate the remainder when 58 is divided by 22.
14
Calculate the remainder when 120 is divided by 21.
15
What is the remainder when 18872 is divided by 151?
148
What is the remainder when 303 is divided by 18?
15
What is the remainder when 40374 is divided by 98?
96
Calculate the remainder when 115 is divided by 58.
57
What is the remainder when 703 is divided by 44?
43
What is the remainder when 4562 is divided by 13?
12
Calculate the remainder when 93 is divided by 20.
13
Calculate the remainder when 96 is divided by 10.
6
Calculate the remainder when 508 is divided by 401.
107
What is the remainder when 2795 is divided by 100?
95
What is the remainder when 1669 is divided by 76?
73
What is the remainder when 1759 is divided by 46?
11
Calculate the remainder when 5455 is divided by 176.
175
What is the remainder when 9241 is divided by 16?
9
What is the remainder when 339 is divided by 142?
55
What is the remainder when 226 is divided by 102?
22
Calculate the remainder when 175 is divided by 26.
19
What is the remainder when 2043 is divided by 82?
75
Calculate the remainder when 331 is divided by 16.
11
What is the remainder when 307 is divided by 28?
27
What is the remainder when 713 is divided by 51?
50
Calculate the remainder when 3649 is divided by 404.
13
What is the remainder when 1853 is divided by 32?
29
What is the remainder when 364 is divided by 354?
10
Calculate the remainder when 252 is divided by 124.
4
What is the remainder when 269 is divided by 17?
14
What is the remainder when 1653 is divided by 651?
351
Calculate the remainder when 974 is divided by 98.
92
What is the remainder when 177 is divided by 67?
43
Calculate the remainder when 1114 is divided by 36.
34
Calculate the remainder when 715 is divided by 45.
40
What is the remainder when 11 is divided by 9?
2
What is the remainder when 98 is divided by 9?
8
Calculate the remainder when 1832 is divided by 13.
12
Calculate the remainder when 19770 is divided by 169.
166
Calculate the remainder when 293 is divided by 80.
53
Calculate the remainder when 9380 is divided by 92.
88
Calculate the remainder when 160 is divided by 34.
24
What is the remainder when 105 is divided by 29?
18
What is the remainder when 625 is divided by 109?
80
Calculate the remainder when 322 is divided by 58.
32
Calculate the remainder when 80 is divided by 53.
27
What is the remainder when 38 is divided by 16?
6
What is the remainder when 639 is divided by 83?
58
Calculate the remainder when 688 is divided by 320.
48
Calculate the remainder when 1819 is divided by 90.
19
What is the remainder when 1001 is divided by 118?
57
What is the remainder when 28 is divided by 15?
13
What is the remainder when 164 is divided by 15?
14
What is the remainder when 57 is divided by 54?
3
Calculate the remainder when 425 is divided by 54.
47
Calculate the remainder when 186 is divided by 101.
85
What is the remainder when 365 is divided by 61?
60
Calculate the remainder when 15193 is divided by 15.
13
Calculate the remainder when 750 is divided by 16.
14
What is the remainder when 376 is divided by 12?
4
What is the remainder when 350 is divided by 129?
92
What is the remainder when 48 is divided by 9?
3
Calculate the remainder when 369 is divided by 74.
73
What is the remainder when 1598 is divided by 32?
30
Calculate the remainder when 1611 is divided by 31.
30
Calculate the remainder when 86 is divided by 25.
11
Calculate the remainder when 